r + 133 + 469, l*w = 4*r - 1188. Is r a composite number?
True
Let t(y) = -y**2 + 6*y. Let n be t(5). Suppose -2*s - 12316 = -3*a, 4*a - 12323 = a - n*s. Suppose 5*d = -4*h + 10754 - 2542, 2*d - a = -2*h. Is h composite?
False
Let l = -62260 - -168939. Is l composite?
True
Let i(s) = 27 - 3 + 15 - 304*s. Suppose 88 = 9*d + 133. Is i(d) a prime number?
True
Suppose 158260 = 5*y - 5*l, 0 = 3*y + l - 3*l - 94961. Suppose -13*s + 171680 - y = 0. Is s prime?
True
Let k(c) = -46*c**3 + c**2 + c + 4. Let i be k(2). Let l = i - -653. Is l a composite number?
True
Let t = 1398 - -4969. Suppose 4*y - t = -0*y + 3*q, 2*y - 5*q = 3173. Is y a prime number?
False
Suppose -3*q - 3*b - 12 = 0, -18 = 2*q - 14*b + 11*b. Is (-4164)/(-18)*(-171)/q prime?
False
Suppose -5*p + 19556 = z, z + 182*p = 185*p + 19580. Is z prime?
True
Let z = -33 + 52. Suppose 22 = m + z. Suppose -b + 120 = 3*j, m*j + 242 = -4*b + 695. Is b a prime number?
False
Suppose -t + 203*s = 199*s - 167282, 3*s - 167275 = -t. Is t a prime number?
False
Suppose 53*q - 58*q = 5*p - 43285, -2*q - 3*p + 17314 = 0. Is q composite?
True
Suppose -3*q + q + 122914 = 0. Suppose 5*i = 16*i - q. Is i a prime number?
False
Let x(p) = -29 + 3*p**2 + 7*p + 44 + 24*p**2. Let d be x(-8). Let k = d - 801. Is k prime?
False
Suppose -4870 - 4343 = -37*p. Suppose -5*x = 20, 0*j - 3*j - 3*x + 1824 = 0. Suppose -3*n + j + p = 0. Is n composite?
True
Let t(o) = o**3 - 21*o**2 + 44*o - 1. Let j(z) = z - 1. Let c(f) = 4*j(f) - t(f). Is c(18) composite?
True
Suppose 0*o = -4*o - 4*g - 904, 2*g + 1121 = -5*o. Let x = o - -340. Let w = -98 + x. Is w a prime number?
True
Let d(o) = 3*o - 4. Let j be d(3). Suppose 0*a + 12 = -4*a, -a = -j*p + 16888. Is p a prime number?
False
Is 27/(-72) - ((-3703832)/64 - 9) composite?
False
Is 4*(-177558)/(-24) + 0/7 prime?
False
Let i(q) = -231*q + 17. Let z(m) = -463*m + 34. Let r(h) = -9*i(h) + 4*z(h). Let s be r(5). Suppose s = o + 357. Is o composite?
False
Is -6 - (-1 - 0 - -24603)*140/(-40) prime?
False
Suppose -390 = 6*x - x. Let c = 66 + x. Is (-22160)/c + (-4)/(-12) a composite number?
False
Suppose 3*n = -2*o - 24, -2*o - 10 = -o + n. Is (-5884)/o*(-105)/(-70) composite?
False
Let y = 4 - 2. Suppose 925 = 4*b + 3*z, b + z - 14 = 218. Suppose 5*m - 462 = -3*v, 0 = y*v - m - 66 - b. Is v a prime number?
True
Let h(v) = 180*v**2 + v - 61. Let c be h(8). Suppose 28*t - 30*t + 4*y = -7638, 3*t + 4*y - c = 0. Is t composite?
False
Let d(s) be the first derivative of 2750*s**3/3 - 2*s + 5. Let j be d(-1). Suppose 3*o = -2*t + j, -t - 2*t + 923 = o. Is o a composite number?
True
Is ((-1254822)/(-9))/(-12 - (-38)/3) a composite number?
True
Suppose 7*v + 42660 = -79882. Let w = -8473 - v. Is w a prime number?
False
Let v(a) = a**2 - 11*a - 42. Let g be v(14). Suppose g = -20*c + 98225 + 2435. Is c a composite number?
True
Let m(p) = 11*p - 119. Let f be m(-18). Let c = 648 + f. Is c prime?
True
Let t(k) = 224*k - 98. Let f be t(10). Let w = f + -1511. Is w prime?
True
Suppose 2*u = 5*d + 3, 2*d = -3*u - 18 - 6. Let c be ((-36)/15)/(u/15). Is c/15 - (-1503)/5 a prime number?
False
Let c(s) = -38*s**3 - s**2 - 8. Let l = -53 - -50. Is c(l) a prime number?
True
Let a(k) = 6*k**2 + 14*k + 73. Let j be -18*(3*-1 - 35/(-21)). Is a(j) composite?
True
Suppose 5*o = -0*o + 10. Let x(m) = m**3 - o*m**3 - 6 - 10*m - 30 - 9*m**2 + 15. Is x(-11) a prime number?
True
Let j = 6388 - 6378. Let n(f) = -f**3 - 5*f**2 + 6*f - 6. Let i be n(-6). Is i/27 + j*(-602)/(-36) composite?
False
Let t = 6 - -3. Let s(f) = f**2 + 11*f + 26. Let n be s(-8). Is (-952)/(-9) - (n + (-20)/t) composite?
True
Let l be 4 - 5282*(-14)/7. Is l/(-10)*225/(-90) prime?
False
Is (-104)/65 + 9 + 1084398/5 prime?
False
Let d(m) = 271*m**2 + 1106*m - 49. Is d(-30) a composite number?
False
Suppose 52*s - 74*s + 951742 = 0. Is s a prime number?
True
Let v(s) = -s**3 - 6*s**2 + 1. Let d(j) = -j**3 - 7*j**2 + 1. Let t(g) = -5*d(g) + 4*v(g). Let y be t(-11). Is 838 - (y + 3) - -3 prime?
True
Let f(h) = 21*h**2 - 2*h - 8. Let r be f(-2). Let c = -74 + r. Suppose 5*d + 5065 = 5*i, 2*i + 2*d - c*d - 2034 = 0. Is i a prime number?
True
Suppose 4*o - 2532 = -3*l + 3484, -2*o = 3*l - 3014. Suppose -x + 16734 = o. Is x a composite number?
False
Let s(c) = c**3 + 8*c**2 - 7*c + 20. Let g be s(-9). Is (-80164)/(-5) - ((-77)/35 + g) a prime number?
True
Suppose 3*h + 6 = 0, -o - 5*h = -8*h - 35. Suppose -12182 = -5*w - 3*r, -2*r - o + 27 = 0. Is w a prime number?
True
Let y = 7884 + 2213. Is y prime?
False
Let a(i) = 5796*i + 270. Let r be a(13). Suppose 2*p = 20*p - r. Is p composite?
False
Let h(p) = -27 + p + 7*p**2 + 28 - 13*p - 6*p**3. Is h(-6) a prime number?
True
Suppose -2 = -2*u + 3*u, 3*h - 15 = -3*u. Suppose 0*g = -4*b - g - 6, -b + g = 4. Is 42605/35 + b/h a prime number?
True
Is 2 + (125166/(-10))/((-115)/16675) composite?
False
Suppose 0 = -551*c + 567*c - 226768. Is c prime?
True
Suppose 9 = 5*i - 31. Let w(u) = u**2 - 4*u**3 + 1253 + u - 3*u**3 + i*u**3. Is w(0) a composite number?
True
Let g = 14128 + -3934. Suppose 376*m + g = 378*m. Is m a composite number?
True
Let w = -93 - -95. Suppose -w*x + 994 + 1439 = 5*o, o = 5*x - 6042. Suppose x = -t + 3986. Is t a prime number?
True
Is 41682*((-155)/(-30))/31 a composite number?
False
Let y = -767 - -767. Suppose y = 3*z - 40*z + 108299. Is z a composite number?
False
Let q(f) = 283*f**3 - f**2 - 25*f + 19. Is q(6) composite?
False
Suppose 75777 = 9*j - 33906. Is j a composite number?
True
Let b(l) = 3*l**3 + 13*l**2 + 12*l - 1. Let s be b(-4). Is 76748/6 + 11/s prime?
True
Let j(n) = 76895*n - 8927. Is j(6) a composite number?
False
Suppose 3*c = -0*c + 4*f + 65843, 0 = 4*c - 4*f - 87792. Suppose -5*z + 2*p - 6*p = -c, 4*p = z - 4409. Is z a prime number?
False
Let i(d) = 5412*d**2 + 134*d - 7. Is i(3) prime?
True
Let h = -395 + 475. Suppose h*l + 1061 = 81*l. Is l a prime number?
True
Let b = -1545699 - -2684822. Is b a composite number?
False
Let p = 30124 + -2771. Is p a composite number?
True
Let u(r) = -67*r**2 - 13*r + 11. Let k(t) = -34*t**2 - 6*t + 5. Let a = -23 + 18. Let x(z) = a*k(z) + 2*u(z). Is x(-4) a composite number?
False
Let x be ((4800/(-70))/16)/((-4)/14). Suppose -20*f = -x*f - 24275. Is f a prime number?
False
Is 2 + -2 - (-60589)/4*(-48 + 52) a composite number?
False
Let b(t) = 115*t**2 + 27*t - 51. Suppose u = q + 19 - 7, 0 = -5*u + q + 64. Is b(u) prime?
False
Suppose 5*t + 5935 + 10403 = -3*g, t - 21761 = 4*g. Let k = 8040 + g. Is k prime?
False
Suppose 12*g - 17*g - 17637 = 4*k, 4*k + 17636 = -4*g. Let w = k - -6461. Is w composite?
False
Let k = 6448 + -9517. Let s = k + 5142. Is s prime?
False
Suppose 0 = -2*k + 59 - 55. Is (2 - (-79704)/16)*k prime?
True
Suppose -5*m - 5*o = -118389 - 33046, -3*o = -m + 30295. Is m prime?
False
Let u(v) = 3*v**3 - 4*v**2 + 2*v + 3. Let c be u(2). Let t = 29 - c. Suppose -13*x + t*x - 183 = 0. Is x a prime number?
False
Suppose 4*n + 227140 - 1429588 = -5*m, -5*m = -3*n + 901801. Is n a composite number?
True
Let p(v) = 14*v**2 + 19*v + 88. Let q be p(22). Let l = q + -3233. Is l prime?
True
Suppose -i + 0 - 1 = 0. Let u(d) = -288*d - 5. Let f be u(i). Suppose 323 = 2*x - 2*g - 3*g, 0 = 2*x + 3*g - f. Is x a composite number?
False
Suppose -5*w + 4*k = -36, -16*w = -18*w - 5*k - 12. Let g be -1 - 39/6*-90. Suppose w*q - 932 = g. Is q a composite number?
False
Suppose -30 = -3*x - 6. Suppose -7402 = -x*l + 2174. Suppose 4*k + 5*k = l. Is k a composite number?
True
Let k be 4/2*(1 + 12/8). Suppose -2*r - 37742 = -5*s + 50553, -2*s = k*r - 35289. Is s a composite number?
False
Let s(h) = -55*h - 103. Let c(l) = -24 - 12*l + 145 + 95*l + 33. Let z(d) = -5*c(d) - 7*s(d). Is z(-20) a prime number?
False
Let l = 29385 - 3428. Is l a prime number?
False
Let q = 5318 + -900. Let z = q - 1885. Is z a prime number?
False
Let v = -3170388 + 5497379. Is v a prime number?
True
Let s(n) = -n**3 + 13*n**2 - 11*n - 32. Suppose 0*g - 3*g + 4*z - 52 = 0, -66 = 3*g + 3*z. Let w be 7 + 5/(g/(-16)). Is s(w) composite?
False
Suppose -4*a = -2*r + 24, -4*a + 3*r + 12 = 36. Is a*2/8*(-31826)/3 composite?
False
Suppose -22*v + 5*v = -34. Let z(x) = 283*x**2 + 9*x - 15. Is z(v) prime?
False
Let c(v) = -256*v - 26. Let k be c(-5). Suppose 5*